{"version":"1.0","provider_name":"The Puebla Times","provider_url":"https:\/\/thepueblatimes.mx","author_name":"Sa\u00fal Hern\u00e1ndez","author_url":"https:\/\/thepueblatimes.mx\/index.php\/author\/saulhernandez\/","title":"El Amarillo no operaba en Puebla - The Puebla Times","type":"rich","width":600,"height":338,"html":"<blockquote class=\"wp-embedded-content\" data-secret=\"7ZItXhxEjo\"><a href=\"https:\/\/thepueblatimes.mx\/index.php\/2026\/09\/03\/el-amarillo-no-operaba-en-puebla\/\">El Amarillo no operaba en Puebla<\/a><\/blockquote><iframe sandbox=\"allow-scripts\" security=\"restricted\" src=\"https:\/\/thepueblatimes.mx\/index.php\/2026\/09\/03\/el-amarillo-no-operaba-en-puebla\/embed\/#?secret=7ZItXhxEjo\" width=\"600\" height=\"338\" title=\"\u00abEl Amarillo no operaba en Puebla\u00bb \u2014 The Puebla Times\" data-secret=\"7ZItXhxEjo\" frameborder=\"0\" marginwidth=\"0\" marginheight=\"0\" scrolling=\"no\" class=\"wp-embedded-content\"><\/iframe><script type=\"text\/javascript\">\n\/*! This file is auto-generated *\/\n!function(c,d){\"use strict\";var e=!1,o=!1;if(d.querySelector)if(c.addEventListener)e=!0;if(c.wp=c.wp||{},c.wp.receiveEmbedMessage);else if(c.wp.receiveEmbedMessage=function(e){var t=e.data;if(!t);else if(!(t.secret||t.message||t.value));else if(\/[^a-zA-Z0-9]\/.test(t.secret));else{for(var r,s,a,i=d.querySelectorAll('iframe[data-secret=\"'+t.secret+'\"]'),n=d.querySelectorAll('blockquote[data-secret=\"'+t.secret+'\"]'),o=new RegExp(\"^https?:$\",\"i\"),l=0;l<n.length;l++)n[l].style.display=\"none\";for(l=0;l<i.length;l++)if(r=i[l],e.source!==r.contentWindow);else{if(r.removeAttribute(\"style\"),\"height\"===t.message){if(1e3<(s=parseInt(t.value,10)))s=1e3;else if(~~s<200)s=200;r.height=s}if(\"link\"===t.message)if(s=d.createElement(\"a\"),a=d.createElement(\"a\"),s.href=r.getAttribute(\"src\"),a.href=t.value,!o.test(a.protocol));else if(a.host===s.host)if(d.activeElement===r)c.top.location.href=t.value}}},e)c.addEventListener(\"message\",c.wp.receiveEmbedMessage,!1),d.addEventListener(\"DOMContentLoaded\",t,!1),c.addEventListener(\"load\",t,!1);function t(){if(o);else{o=!0;for(var e,t,r,s=-1!==navigator.appVersion.indexOf(\"MSIE 10\"),a=!!navigator.userAgent.match(\/Trident.*rv:11\\.\/),i=d.querySelectorAll(\"iframe.wp-embedded-content\"),n=0;n<i.length;n++){if(!(r=(t=i[n]).getAttribute(\"data-secret\")))r=Math.random().toString(36).substr(2,10),t.src+=\"#?secret=\"+r,t.setAttribute(\"data-secret\",r);if(s||a)(e=t.cloneNode(!0)).removeAttribute(\"security\"),t.parentNode.replaceChild(e,t);t.contentWindow.postMessage({message:\"ready\",secret:r},\"*\")}}}}(window,document);\n<\/script>\n","thumbnail_url":"https:\/\/thepueblatimes.mx\/wp-content\/uploads\/2026\/09\/images-23.jpg","thumbnail_width":596,"thumbnail_height":335,"description":"El secretario de Seguridad P\u00fablica, Francisco S\u00e1nchez Gonz\u00e1lez, manifest\u00f3 que \u201cEl Amarillo\u201d, presunto l\u00edder de una c\u00e9lula vinculada con \u201cLos Rusos\u201d, no ten\u00eda operaciones delincuenciales en Puebla. Precis\u00f3 que utilizaba la entidad como escondite debido a su cercan\u00eda con Guerrero, donde presuntamente desarrollaba sus actividades. Explic\u00f3 que para la detenci\u00f3n del presunto delincuente, las autoridades..."}

Saúl Hernández

El secretario de Seguridad Pública, Francisco Sánchez González, manifestó que “El Amarillo”, presunto líder de una célula vinculada con “Los Rusos”, no tenía operaciones delincuenciales en Puebla. Precisó que utilizaba la entidad como escondite debido a su cercanía con Guerrero, donde presuntamente desarrollaba sus actividades. Explicó que para la detención del presunto delincuente, las autoridades...
