{"version":"1.0","provider_name":"The Puebla Times","provider_url":"https:\/\/thepueblatimes.mx","author_name":"Sa\u00fal Hern\u00e1ndez","author_url":"https:\/\/thepueblatimes.mx\/index.php\/author\/saulhernandez\/","title":"Robo dominical, dos camionetas en Cuautlancingo - The Puebla Times","type":"rich","width":600,"height":338,"html":"<blockquote class=\"wp-embedded-content\" data-secret=\"WQ7g6z2j8i\"><a href=\"https:\/\/thepueblatimes.mx\/index.php\/2025\/05\/26\/robo-dominical-dos-camionetas-en-cuautlancingo\/\">Robo dominical, dos camionetas en Cuautlancingo<\/a><\/blockquote><iframe sandbox=\"allow-scripts\" security=\"restricted\" src=\"https:\/\/thepueblatimes.mx\/index.php\/2025\/05\/26\/robo-dominical-dos-camionetas-en-cuautlancingo\/embed\/#?secret=WQ7g6z2j8i\" width=\"600\" height=\"338\" title=\"\u00abRobo dominical, dos camionetas en Cuautlancingo\u00bb \u2014 The Puebla Times\" data-secret=\"WQ7g6z2j8i\" frameborder=\"0\" marginwidth=\"0\" marginheight=\"0\" scrolling=\"no\" class=\"wp-embedded-content\"><\/iframe><script type=\"text\/javascript\">\n\/*! This file is auto-generated *\/\n!function(c,d){\"use strict\";var e=!1,o=!1;if(d.querySelector)if(c.addEventListener)e=!0;if(c.wp=c.wp||{},c.wp.receiveEmbedMessage);else if(c.wp.receiveEmbedMessage=function(e){var t=e.data;if(!t);else if(!(t.secret||t.message||t.value));else if(\/[^a-zA-Z0-9]\/.test(t.secret));else{for(var r,s,a,i=d.querySelectorAll('iframe[data-secret=\"'+t.secret+'\"]'),n=d.querySelectorAll('blockquote[data-secret=\"'+t.secret+'\"]'),o=new RegExp(\"^https?:$\",\"i\"),l=0;l<n.length;l++)n[l].style.display=\"none\";for(l=0;l<i.length;l++)if(r=i[l],e.source!==r.contentWindow);else{if(r.removeAttribute(\"style\"),\"height\"===t.message){if(1e3<(s=parseInt(t.value,10)))s=1e3;else if(~~s<200)s=200;r.height=s}if(\"link\"===t.message)if(s=d.createElement(\"a\"),a=d.createElement(\"a\"),s.href=r.getAttribute(\"src\"),a.href=t.value,!o.test(a.protocol));else if(a.host===s.host)if(d.activeElement===r)c.top.location.href=t.value}}},e)c.addEventListener(\"message\",c.wp.receiveEmbedMessage,!1),d.addEventListener(\"DOMContentLoaded\",t,!1),c.addEventListener(\"load\",t,!1);function t(){if(o);else{o=!0;for(var e,t,r,s=-1!==navigator.appVersion.indexOf(\"MSIE 10\"),a=!!navigator.userAgent.match(\/Trident.*rv:11\\.\/),i=d.querySelectorAll(\"iframe.wp-embedded-content\"),n=0;n<i.length;n++){if(!(r=(t=i[n]).getAttribute(\"data-secret\")))r=Math.random().toString(36).substr(2,10),t.src+=\"#?secret=\"+r,t.setAttribute(\"data-secret\",r);if(s||a)(e=t.cloneNode(!0)).removeAttribute(\"security\"),t.parentNode.replaceChild(e,t);t.contentWindow.postMessage({message:\"ready\",secret:r},\"*\")}}}}(window,document);\n<\/script>\n","thumbnail_url":"https:\/\/thepueblatimes.mx\/wp-content\/uploads\/2025\/05\/GrR7p6WWsAAmieY.jpg","thumbnail_width":1280,"thumbnail_height":828,"description":"POR FRED ESTRADA Dos camionetas fueron robadas en distintos puntos de Cuautlancingo, durante el domingo 25 de mayo, lo que proyecta el nivel de inseguridad que prevalece en el municipio gobernado por Omar Mu\u00f1oz. Uno de los veh\u00edculos fue sustra\u00eddo del estacionamiento del Parque Recreativo el Ameyal y el otro en la junta auxiliar de..."}

Saúl Hernández

POR FRED ESTRADA Dos camionetas fueron robadas en distintos puntos de Cuautlancingo, durante el domingo 25 de mayo, lo que proyecta el nivel de inseguridad que prevalece en el municipio gobernado por Omar Muñoz. Uno de los vehículos fue sustraído del estacionamiento del Parque Recreativo el Ameyal y el otro en la junta auxiliar de...
