{"version":"1.0","provider_name":"The Puebla Times","provider_url":"https:\/\/thepueblatimes.mx","author_name":"Francisco S\u00e1nchez Nolasco","author_url":"https:\/\/thepueblatimes.mx\/index.php\/author\/marianitha-reyes\/","title":"Yovani V\u00e1zquez de 13 a\u00f1os desapareci\u00f3 en Texmelucan - The Puebla Times","type":"rich","width":600,"height":338,"html":"<blockquote class=\"wp-embedded-content\" data-secret=\"6wyUGuhr3z\"><a href=\"https:\/\/thepueblatimes.mx\/index.php\/2021\/09\/11\/yovani-vazquez-de-13-anos-desaparecio-en-texmelucan\/\">Yovani V\u00e1zquez de 13 a\u00f1os desapareci\u00f3 en Texmelucan<\/a><\/blockquote><iframe sandbox=\"allow-scripts\" security=\"restricted\" src=\"https:\/\/thepueblatimes.mx\/index.php\/2021\/09\/11\/yovani-vazquez-de-13-anos-desaparecio-en-texmelucan\/embed\/#?secret=6wyUGuhr3z\" width=\"600\" height=\"338\" title=\"\u00abYovani V\u00e1zquez de 13 a\u00f1os desapareci\u00f3 en Texmelucan\u00bb \u2014 The Puebla Times\" data-secret=\"6wyUGuhr3z\" frameborder=\"0\" marginwidth=\"0\" marginheight=\"0\" scrolling=\"no\" class=\"wp-embedded-content\"><\/iframe><script type=\"text\/javascript\">\n\/*! This file is auto-generated *\/\n!function(c,d){\"use strict\";var e=!1,o=!1;if(d.querySelector)if(c.addEventListener)e=!0;if(c.wp=c.wp||{},c.wp.receiveEmbedMessage);else if(c.wp.receiveEmbedMessage=function(e){var t=e.data;if(!t);else if(!(t.secret||t.message||t.value));else if(\/[^a-zA-Z0-9]\/.test(t.secret));else{for(var r,s,a,i=d.querySelectorAll('iframe[data-secret=\"'+t.secret+'\"]'),n=d.querySelectorAll('blockquote[data-secret=\"'+t.secret+'\"]'),o=new RegExp(\"^https?:$\",\"i\"),l=0;l<n.length;l++)n[l].style.display=\"none\";for(l=0;l<i.length;l++)if(r=i[l],e.source!==r.contentWindow);else{if(r.removeAttribute(\"style\"),\"height\"===t.message){if(1e3<(s=parseInt(t.value,10)))s=1e3;else if(~~s<200)s=200;r.height=s}if(\"link\"===t.message)if(s=d.createElement(\"a\"),a=d.createElement(\"a\"),s.href=r.getAttribute(\"src\"),a.href=t.value,!o.test(a.protocol));else if(a.host===s.host)if(d.activeElement===r)c.top.location.href=t.value}}},e)c.addEventListener(\"message\",c.wp.receiveEmbedMessage,!1),d.addEventListener(\"DOMContentLoaded\",t,!1),c.addEventListener(\"load\",t,!1);function t(){if(o);else{o=!0;for(var e,t,r,s=-1!==navigator.appVersion.indexOf(\"MSIE 10\"),a=!!navigator.userAgent.match(\/Trident.*rv:11\\.\/),i=d.querySelectorAll(\"iframe.wp-embedded-content\"),n=0;n<i.length;n++){if(!(r=(t=i[n]).getAttribute(\"data-secret\")))r=Math.random().toString(36).substr(2,10),t.src+=\"#?secret=\"+r,t.setAttribute(\"data-secret\",r);if(s||a)(e=t.cloneNode(!0)).removeAttribute(\"security\"),t.parentNode.replaceChild(e,t);t.contentWindow.postMessage({message:\"ready\",secret:r},\"*\")}}}}(window,document);\n<\/script>\n","thumbnail_url":"https:\/\/thepueblatimes.mx\/wp-content\/uploads\/2021\/09\/4B055852-5CDB-40C5-8039-C41B281FA57A.jpeg","thumbnail_width":640,"thumbnail_height":360,"description":"San Mart\u00edn Texmelucan, Pue.- Familiares de Yovani V\u00e1zquez Vincens piden el apoyo para poder localizarlo. El menor de 13 a\u00f1os, fue visto por \u00faltima vez el pasado 29 de agosto en el mercado Domingo Arenas de San Mart\u00edn Texmelucan. Tras no localizarlo,\u00a0 los\u00a0 familiares de han dado a la tarea de\u00a0 distribuir su imagen a..."}

Francisco Sánchez Nolasco

Yovani Vázquez de 13 años desapareció en Texmelucan - The Puebla Times

<blockquote class="wp-embedded-content" data-secret="6wyUGuhr3z"><a href="https://thepueblatimes.mx/index.php/2021/09/11/yovani-vazquez-de-13-anos-desaparecio-en-texmelucan/">Yovani Vázquez de 13 años desapareció en Texmelucan</a></blockquote><iframe sandbox="allow-scripts" security="restricted" src="https://thepueblatimes.mx/index.php/2021/09/11/yovani-vazquez-de-13-anos-desaparecio-en-texmelucan/embed/#?secret=6wyUGuhr3z" width="600" height="338" title="«Yovani Vázquez de 13 años desapareció en Texmelucan» — The Puebla Times" data-secret="6wyUGuhr3z" frameborder="0" marginwidth="0" marginheight="0" scrolling="no" class="wp-embedded-content"></iframe><script type="text/javascript">
/*! This file is auto-generated */
!function(c,d){"use strict";var e=!1,o=!1;if(d.querySelector)if(c.addEventListener)e=!0;if(c.wp=c.wp||{},c.wp.receiveEmbedMessage);else if(c.wp.receiveEmbedMessage=function(e){var t=e.data;if(!t);else if(!(t.secret||t.message||t.value));else if(/[^a-zA-Z0-9]/.test(t.secret));else{for(var r,s,a,i=d.querySelectorAll('iframe[data-secret="'+t.secret+'"]'),n=d.querySelectorAll('blockquote[data-secret="'+t.secret+'"]'),o=new RegExp("^https?:$","i"),l=0;l<n.length;l++)n[l].style.display="none";for(l=0;l<i.length;l++)if(r=i[l],e.source!==r.contentWindow);else{if(r.removeAttribute("style"),"height"===t.message){if(1e3<(s=parseInt(t.value,10)))s=1e3;else if(~~s<200)s=200;r.height=s}if("link"===t.message)if(s=d.createElement("a"),a=d.createElement("a"),s.href=r.getAttribute("src"),a.href=t.value,!o.test(a.protocol));else if(a.host===s.host)if(d.activeElement===r)c.top.location.href=t.value}}},e)c.addEventListener("message",c.wp.receiveEmbedMessage,!1),d.addEventListener("DOMContentLoaded",t,!1),c.addEventListener("load",t,!1);function t(){if(o);else{o=!0;for(var e,t,r,s=-1!==navigator.appVersion.indexOf("MSIE 10"),a=!!navigator.userAgent.match(/Trident.*rv:11\./),i=d.querySelectorAll("iframe.wp-embedded-content"),n=0;n<i.length;n++){if(!(r=(t=i[n]).getAttribute("data-secret")))r=Math.random().toString(36).substr(2,10),t.src+="#?secret="+r,t.setAttribute("data-secret",r);if(s||a)(e=t.cloneNode(!0)).removeAttribute("security"),t.parentNode.replaceChild(e,t);t.contentWindow.postMessage({message:"ready",secret:r},"*")}}}}(window,document);
</script>

San Martín Texmelucan, Pue.- Familiares de Yovani Vázquez Vincens piden el apoyo para poder localizarlo. El menor de 13 años, fue visto por última vez el pasado 29 de agosto en el mercado Domingo Arenas de San Martín Texmelucan. Tras no localizarlo,  los  familiares de han dado a la tarea de  distribuir su imagen a...
