{"version":"1.0","provider_name":"The Puebla Times","provider_url":"https:\/\/thepueblatimes.mx","author_name":"Francisco S\u00e1nchez Nolasco","author_url":"https:\/\/thepueblatimes.mx\/index.php\/author\/marianitha-reyes\/","title":"Lizeth de 16 a\u00f1os desapareci\u00f3 en Huejotzingo - The Puebla Times","type":"rich","width":600,"height":338,"html":"<blockquote class=\"wp-embedded-content\" data-secret=\"9b1HoO5EL4\"><a href=\"https:\/\/thepueblatimes.mx\/index.php\/2021\/08\/25\/lizeth-de-16-anos-desaparecio-en-huejotzingo\/\">Lizeth de 16 a\u00f1os desapareci\u00f3 en Huejotzingo<\/a><\/blockquote><iframe sandbox=\"allow-scripts\" security=\"restricted\" src=\"https:\/\/thepueblatimes.mx\/index.php\/2021\/08\/25\/lizeth-de-16-anos-desaparecio-en-huejotzingo\/embed\/#?secret=9b1HoO5EL4\" width=\"600\" height=\"338\" title=\"\u00abLizeth de 16 a\u00f1os desapareci\u00f3 en Huejotzingo\u00bb \u2014 The Puebla Times\" data-secret=\"9b1HoO5EL4\" frameborder=\"0\" marginwidth=\"0\" marginheight=\"0\" scrolling=\"no\" class=\"wp-embedded-content\"><\/iframe><script type=\"text\/javascript\">\n\/*! This file is auto-generated *\/\n!function(c,d){\"use strict\";var e=!1,o=!1;if(d.querySelector)if(c.addEventListener)e=!0;if(c.wp=c.wp||{},c.wp.receiveEmbedMessage);else if(c.wp.receiveEmbedMessage=function(e){var t=e.data;if(!t);else if(!(t.secret||t.message||t.value));else if(\/[^a-zA-Z0-9]\/.test(t.secret));else{for(var r,s,a,i=d.querySelectorAll('iframe[data-secret=\"'+t.secret+'\"]'),n=d.querySelectorAll('blockquote[data-secret=\"'+t.secret+'\"]'),o=new RegExp(\"^https?:$\",\"i\"),l=0;l<n.length;l++)n[l].style.display=\"none\";for(l=0;l<i.length;l++)if(r=i[l],e.source!==r.contentWindow);else{if(r.removeAttribute(\"style\"),\"height\"===t.message){if(1e3<(s=parseInt(t.value,10)))s=1e3;else if(~~s<200)s=200;r.height=s}if(\"link\"===t.message)if(s=d.createElement(\"a\"),a=d.createElement(\"a\"),s.href=r.getAttribute(\"src\"),a.href=t.value,!o.test(a.protocol));else if(a.host===s.host)if(d.activeElement===r)c.top.location.href=t.value}}},e)c.addEventListener(\"message\",c.wp.receiveEmbedMessage,!1),d.addEventListener(\"DOMContentLoaded\",t,!1),c.addEventListener(\"load\",t,!1);function t(){if(o);else{o=!0;for(var e,t,r,s=-1!==navigator.appVersion.indexOf(\"MSIE 10\"),a=!!navigator.userAgent.match(\/Trident.*rv:11\\.\/),i=d.querySelectorAll(\"iframe.wp-embedded-content\"),n=0;n<i.length;n++){if(!(r=(t=i[n]).getAttribute(\"data-secret\")))r=Math.random().toString(36).substr(2,10),t.src+=\"#?secret=\"+r,t.setAttribute(\"data-secret\",r);if(s||a)(e=t.cloneNode(!0)).removeAttribute(\"security\"),t.parentNode.replaceChild(e,t);t.contentWindow.postMessage({message:\"ready\",secret:r},\"*\")}}}}(window,document);\n<\/script>\n","description":"Huejotzingo, Pue.- La Fiscal\u00eda General de Puebla dio a conocer la desaparici\u00f3n de Lizeth Pacheco de la Rosa de 16 a\u00f1os de edad. Fue vista por \u00faltima vez el\u00a023 de agosto en Los Sauces, Huejotzingo. Como se\u00f1a particular tiene un lunar peque\u00f1o en la punta de la nariz y otro arriba de la boca del..."}

Francisco Sánchez Nolasco

Lizeth de 16 años desapareció en Huejotzingo - The Puebla Times

<blockquote class="wp-embedded-content" data-secret="9b1HoO5EL4"><a href="https://thepueblatimes.mx/index.php/2021/08/25/lizeth-de-16-anos-desaparecio-en-huejotzingo/">Lizeth de 16 años desapareció en Huejotzingo</a></blockquote><iframe sandbox="allow-scripts" security="restricted" src="https://thepueblatimes.mx/index.php/2021/08/25/lizeth-de-16-anos-desaparecio-en-huejotzingo/embed/#?secret=9b1HoO5EL4" width="600" height="338" title="«Lizeth de 16 años desapareció en Huejotzingo» — The Puebla Times" data-secret="9b1HoO5EL4" frameborder="0" marginwidth="0" marginheight="0" scrolling="no" class="wp-embedded-content"></iframe><script type="text/javascript">
/*! This file is auto-generated */
!function(c,d){"use strict";var e=!1,o=!1;if(d.querySelector)if(c.addEventListener)e=!0;if(c.wp=c.wp||{},c.wp.receiveEmbedMessage);else if(c.wp.receiveEmbedMessage=function(e){var t=e.data;if(!t);else if(!(t.secret||t.message||t.value));else if(/[^a-zA-Z0-9]/.test(t.secret));else{for(var r,s,a,i=d.querySelectorAll('iframe[data-secret="'+t.secret+'"]'),n=d.querySelectorAll('blockquote[data-secret="'+t.secret+'"]'),o=new RegExp("^https?:$","i"),l=0;l<n.length;l++)n[l].style.display="none";for(l=0;l<i.length;l++)if(r=i[l],e.source!==r.contentWindow);else{if(r.removeAttribute("style"),"height"===t.message){if(1e3<(s=parseInt(t.value,10)))s=1e3;else if(~~s<200)s=200;r.height=s}if("link"===t.message)if(s=d.createElement("a"),a=d.createElement("a"),s.href=r.getAttribute("src"),a.href=t.value,!o.test(a.protocol));else if(a.host===s.host)if(d.activeElement===r)c.top.location.href=t.value}}},e)c.addEventListener("message",c.wp.receiveEmbedMessage,!1),d.addEventListener("DOMContentLoaded",t,!1),c.addEventListener("load",t,!1);function t(){if(o);else{o=!0;for(var e,t,r,s=-1!==navigator.appVersion.indexOf("MSIE 10"),a=!!navigator.userAgent.match(/Trident.*rv:11\./),i=d.querySelectorAll("iframe.wp-embedded-content"),n=0;n<i.length;n++){if(!(r=(t=i[n]).getAttribute("data-secret")))r=Math.random().toString(36).substr(2,10),t.src+="#?secret="+r,t.setAttribute("data-secret",r);if(s||a)(e=t.cloneNode(!0)).removeAttribute("security"),t.parentNode.replaceChild(e,t);t.contentWindow.postMessage({message:"ready",secret:r},"*")}}}}(window,document);
</script>

Huejotzingo, Pue.- La Fiscalía General de Puebla dio a conocer la desaparición de Lizeth Pacheco de la Rosa de 16 años de edad. Fue vista por última vez el 23 de agosto en Los Sauces, Huejotzingo. Como seña particular tiene un lunar pequeño en la punta de la nariz y otro arriba de la boca del...
